. Suppose -5*w + a + 41 = 0. What is the remainder when 22 is divided by w?
9
Suppose 0 = -z - 0*z - 5, 5*z - 90 = -5*f. Calculate the remainder when 44 is divided by f.
21
Let u = 31 - 28. What is the remainder when 9 is divided by u?
0
Let k(c) = 2*c - 3. Let b(n) = n + 5. Calculate the remainder when b(4) is divided by k(4).
4
Suppose 10*p - 622 = -182. Let j = -41 + 14. Let o = 50 + j. Calculate the remainder when p is divided by o.
21
Suppose -109 = -2*k - 4*n + 9*n, 0 = k + n - 44. What is the remainder when 281 is divided by k?
46
What is the remainder when (2 + -3)/(3/(-99)) is divided by 17?
16
Suppose 106 = c + 3*r + 4, 2*c + 5*r = 201. Let z = c - 51. Calculate the remainder when z is divided by 22.
20
Let j = 46 + -22. What is the remainder when 47 is divided by j?
23
Suppose 14 = -13*q + 14*q. What is the remainder when 55 is divided by q?
13
Let x = -7 + 12. Suppose x*f - 19 = 41. Calculate the remainder when 34 is divided by f.
10
Suppose 5*n - 18 = 277. What is the remainder when n is divided by 12?
11
What is the remainder when (-210)/56*(-1 - 3) is divided by 9?
6
Let d = 9 - -3. What is the remainder when 22 is divided by d?
10
Suppose -3*t + 15 = 0, -12 = -5*b - 3*t + 23. Suppose -13 + b = -3*s. Suppose -28 + 1 = -s*j. What is the remainder when 17 is divided by j?
8
Let z(j) = j**2 + 12. Let g be 2 + 0 - (-3 - -7). Let s be (-1 - 0)*(-2 - g). Calculate the remainder when 34 is divided by z(s).
10
Let w be 48/(-9) + 2/(-3). Suppose 6*g - 54 = -3*g. What is the remainder when w/9 + (-130)/(-6) is divided by g?
3
Suppose 4*c = -4*f + 112, -2*f + c + 34 = -22. Calculate the remainder when 53 is divided by f.
25
Let t = -21 + 27. Calculate the remainder when t is divided by 3.
0
Let r(t) = 4*t - 3. Let i(y) = y**2 + 14*y + 4. Let f be i(-14). What is the remainder when 24 is divided by r(f)?
11
Suppose 2*b = -3*z + 8, 8 = -3*b - 7. Calculate the remainder when 9 is divided by z.
3
Let v be 4/6*(-42)/(-2). Suppose v = -3*y + 4*y. Calculate the remainder when 39 is divided by y.
11
Let u be (-6)/(-8) + 1/4. Let n = 8 - u. What is the remainder when 12 is divided by n?
5
Let l(w) = -3*w**3 - 10*w**2 + 35*w - 2. Let m(v) = 2*v**3 + 7*v**2 - 23*v + 1. Let n(x) = 5*l(x) + 8*m(x). Calculate the remainder when 35 is divided by n(-7).
11
Suppose -2164 = 5*t - 4*l - 9, -407 = t + 4*l. What is the remainder when 4/14 + t/(-49) is divided by 0 + 3/((-3)/(-5))?
4
Let g(w) = -4 - 2*w - 2 + 5*w. Suppose 91 = 5*s - 3*y, 76 = 2*s + 2*s - 4*y. What is the remainder when s is divided by g(4)?
5
Let v(g) = -g**3 + 5*g**2 - 4*g + 3. Let j be v(4). Suppose -j*l - 114 = -7*l + z, -l + 2*z = -25. Calculate the remainder when l is divided by 15.
14
Let w = -1 - -3. Suppose 5*f = 29 - 9, -w*k + 4*f = 12. Suppose -m - k*r + 65 = 4*m, -52 = -4*m + 4*r. What is the remainder when 25 is divided by m?
12
Suppose -105 = -76*n + 71*n. Suppose 0 = -4*f + 36 + 284. Calculate the remainder when f is divided by n.
17
Let z = 9 - -51. Let t = z - 33. What is the remainder when t is divided by 14?
13
Let t = -7 + -34. Let u = -26 - t. Calculate the remainder when u is divided by 4.
3
Suppose 2 = 3*r - 7. What is the remainder when 7 is divided by r?
1
Let p(b) = 2*b - 5. Suppose 0 = 4*l - 2*f - 27 - 39, 0 = l - 5*f - 39. Calculate the remainder when l is divided by p(5).
4
Suppose 37 + 1 = 2*m. Calculate the remainder when 50 is divided by m.
12
Let n(u) = -u**2 + 14*u - 7. Let c be n(6). Let a = c + -22. What is the remainder when a is divided by 7?
5
Let d(c) = 28*c - 20. Calculate the remainder when d(4) is divided by 31.
30
Suppose 80 = 3*k - 46. Calculate the remainder when k is divided by 22.
20
Let i = 27 + 30. Calculate the remainder when i is divided by 21.
15
Suppose -67*l = -60*l - 329. What is the remainder when l is divided by 12?
11
Let m = 0 + 8. What is the remainder when 3/(9/(-66)*-1) is divided by m?
6
Suppose 5*n = -2*k + 13 + 21, -4*k + 12 = -4*n. Let r = 36 - k. What is the remainder when 113 is divided by r?
26
Let v(m) = 2*m**2 + 2*m - 2. Let i(k) be the second derivative of k**4/12 + k**3/2 + k**2/2 + 3*k. What is the remainder when i(3) is divided by v(2)?
9
Let n be 385/25 - (-2)/(-5). Let b(c) = -c**3 + 5*c**2 + 6*c + 1. Calculate the remainder when (-15)/(-4) + n/(-20) is divided by b(6).
0
Let b = 34 - 6. Calculate the remainder when b is divided by 10.
8
Let f(j) = 3*j**3 - 3*j**2 + 3*j - 2. Suppose 5*b + 2 - 827 = -2*g, -g = -b + 165. What is the remainder when f(2) is divided by 3/(-18) - b/(-18)?
7
Let i = 30 + -6. Calculate the remainder when 92 is divided by i.
20
Let r(f) = -f**2 - 10*f + 3. Calculate the remainder when 10 is divided by r(-10).
1
Let j = 1 + 3. Suppose -k + j*r = k - 40, 3*r = -4*k + 113. Suppose 4*p - k = 18. What is the remainder when 32 is divided by p?
10
Let i(q) = q**2 + 5*q - 3. Let y be i(-6). Let h = -20 + 19. Let d = y + h. What is the remainder when d is divided by 2?
0
Suppose -4*w = -5*z + 25, 0 = 3*z + 3*w - 6*w - 15. Let q = -3 + z. Let n(u) = -u**3 + 2*u**2 + 3*u - 2. What is the remainder when n(2) is divided by q?
0
Suppose 4*j - 23 = 41. What is the remainder when 31 is divided by j?
15
Suppose -4*o + 15 = 3*d, d - 2*d + 1 = 0. Suppose 3*s = 2*s + 3. Calculate the remainder when o is divided by s.
0
Suppose y - 3*k + 24 = 0, y - 2 = -4*k - 26. Let b = 11 + -8. What is the remainder when 16/y - 34/(-6) is divided by b?
2
Let r = 0 - -5. Let m be (11/r + -1)*5. Calculate the remainder when 23 is divided by 18*4/m - 0.
11
Let u(b) = 3*b + 4. Suppose -4*l + 6*g - g = 12, 4*l - 4*g + 8 = 0. Calculate the remainder when u(1) is divided by l.
1
Let k be (22/4)/(2/4). Suppose 0*f + f - k = 0. Let r(n) = n**2 - 4*n - 8. What is the remainder when f is divided by r(6)?
3
Let r = -17 + 2. Let q = -23 + 51. What is the remainder when q is divided by (r/4)/(6/(-16))?
8
Let a = 11 - -4. Calculate the remainder when 71 is divided by ((-10)/a)/((-1)/36).
23
Suppose 0*v - 22 = v. Let u = 38 + v. What is the remainder when (-2)/(-4)*-1*-62 is divided by u?
15
Let k be (2/5)/(3/15). Let p(v) = 0*v**k + v + 3*v + 2*v**2 + 2. Calculate the remainder when p(-3) is divided by 3.
2
Suppose 0 = -5*a - y + 134, 5*a - 126 = -0*a + y. What is the remainder when 127 is divided by a?
23
Suppose 0 = -2*n + 8, 4*i + 2*n - 6*n - 376 = 0. Let c = -62 + i. Calculate the remainder when c is divided by 10.
6
Let t = 6 - -25. Let y be 0/(-4) - 1*20. Calculate the remainder when t is divided by (24/(-5))/(6/y).
15
Suppose -2*v - 3*v + 441 = -2*w, 2*v - 168 = 5*w. Let k = -49 + v. What is the remainder when k is divided by 14?
12
Let t(z) be the first derivative of -z**4/4 + 4*z**3/3 - z**2 + z + 5. What is the remainder when 16 is divided by t(2)?
1
Suppose b + 0 = -2. Let f(g) = 2*g**2 - g. Calculate the remainder when 27 is divided by f(b).
7
Suppose -65 = -4*h + 11. Calculate the remainder when h is divided by 11.
8
Let q(g) = 3*g**2 - g - 2. Let x be q(2). Let a = 14 - x. Calculate the remainder when 11 is divided by a.
5
Let w(h) = -h**2 - 8*h - 7. Let q be (-114)/(-22) + 8/(-44). Suppose q*u - 68 = 17. What is the remainder when u is divided by w(-6)?
2
What is the remainder when (-1 - 0)*89*-1 is divided by 23?
20
Suppose -5*q - 2*b + 18 = -0*b, 4*b = -5*q + 16. What is the remainder when (-2)/(q/(-61))*2 is divided by 21?
19
Suppose -5*v - 4 + 24 = 0. Suppose 5*r = -0*d + 4*d + v, 0 = -5*r - 3*d + 32. What is the remainder when (-222)/r*4/(-6) is divided by 13?
11
Suppose -1 = h - n + 3, 0 = -h + 5*n - 16. What is the remainder when 34 is divided by h + 2 + -1 - -12?
10
Let t(i) = -i**2 - 10*i - 2. Let z = 10 - 17. Let x(v) = -v**2 - 10*v + 10. What is the remainder when t(z) is divided by x(-10)?
9
Suppose -8*a + 11*a - 105 = 0. Calculate the remainder when a is divided by 20.
15
Suppose 3*u = 6*u - 21. Suppose -4*a + u + 17 = 0. What is the remainder when 22 is divided by (32/20)/(a/45)?
10
Let l be (2 - 6/2)*1. Let z = l + 3. What is the remainder when ((-15)/12)/(z/(-56)) is divided by 12?
11
Let b = -27 - -47. What is the remainder when 117 is divided by b?
17
Suppose -13 = -3*t + d, t - 2 = -5*d - 3. Suppose -4*q + 0*v = -5*v - 80, 2*v + 68 = 4*q. Calculate the remainder when q is divided by t.
3
Suppose -2*p + p 